{"id":73,"date":"2020-07-09T20:36:46","date_gmt":"2020-07-09T20:36:46","guid":{"rendered":"http:\/\/neurologianeonatal.com\/?page_id=73"},"modified":"2020-07-22T00:52:00","modified_gmt":"2020-07-22T00:52:00","slug":"nosotros","status":"publish","type":"page","link":"https:\/\/neurologianeonatal.com\/index.php\/nosotros\/","title":{"rendered":"Nosotros"},"content":{"rendered":"\t\t<div data-elementor-type=\"wp-page\" data-elementor-id=\"73\" class=\"elementor elementor-73\">\n\t\t\t\t\t\t<div class=\"elementor-inner\">\n\t\t\t\t<div class=\"elementor-section-wrap\">\n\t\t\t\t\t\t\t\t\t<section class=\"elementor-section elementor-top-section elementor-element elementor-element-1e0c0108 elementor-section-full_width elementor-section-content-middle elementor-section-height-default elementor-section-height-default\" data-id=\"1e0c0108\" data-element_type=\"section\">\n\t\t\t\t\t\t<div class=\"elementor-container elementor-column-gap-no\">\n\t\t\t\t\t\t\t<div class=\"elementor-row\">\n\t\t\t\t\t<div class=\"elementor-column elementor-col-50 elementor-top-column elementor-element elementor-element-2d11f68d\" data-id=\"2d11f68d\" data-element_type=\"column\" data-settings=\"{&quot;background_background&quot;:&quot;classic&quot;}\">\n\t\t\t<div class=\"elementor-column-wrap elementor-element-populated\">\n\t\t\t\t\t<div class=\"elementor-background-overlay\"><\/div>\n\t\t\t\t\t\t\t<div class=\"elementor-widget-wrap\">\n\t\t\t\t\t\t<div class=\"elementor-element elementor-element-37904e61 elementor-widget elementor-widget-heading\" data-id=\"37904e61\" data-element_type=\"widget\" data-widget_type=\"heading.default\">\n\t\t\t\t<div class=\"elementor-widget-container\">\n\t\t\t<h4 class=\"elementor-heading-title elementor-size-default\">Foro Acad\u00e9mico de Neurolog\u00eda Neonatal<\/h4>\t\t<\/div>\n\t\t\t\t<\/div>\n\t\t\t\t\t\t<\/div>\n\t\t\t\t\t<\/div>\n\t\t<\/div>\n\t\t\t\t<div class=\"elementor-column elementor-col-50 elementor-top-column elementor-element elementor-element-f5d20c3\" data-id=\"f5d20c3\" data-element_type=\"column\">\n\t\t\t<div class=\"elementor-column-wrap elementor-element-populated\">\n\t\t\t\t\t\t\t<div class=\"elementor-widget-wrap\">\n\t\t\t\t\t\t<div class=\"elementor-element elementor-element-644c8387 elementor-widget elementor-widget-text-editor\" data-id=\"644c8387\" data-element_type=\"widget\" data-widget_type=\"text-editor.default\">\n\t\t\t\t<div class=\"elementor-widget-container\">\n\t\t\t\t\t\t\t\t<div class=\"elementor-text-editor elementor-clearfix\">\n\t\t\t\t<p>El Foro Acad\u00e9mico de Neurolog\u00eda Neonatal es una organizaci\u00f3n cient\u00edfico-educativa creada por especialistas en la materia, que se dedica a la generaci\u00f3n y difusi\u00f3n de conocimiento m\u00e9dico relacionado a la neurolog\u00eda fetal y neonatal.<\/p>\t\t\t\t\t<\/div>\n\t\t\t\t\t\t<\/div>\n\t\t\t\t<\/div>\n\t\t\t\t<div class=\"elementor-element elementor-element-5bcb25c6 elementor-widget elementor-widget-text-editor\" data-id=\"5bcb25c6\" data-element_type=\"widget\" data-widget_type=\"text-editor.default\">\n\t\t\t\t<div class=\"elementor-widget-container\">\n\t\t\t\t\t\t\t\t<div class=\"elementor-text-editor elementor-clearfix\">\n\t\t\t\t<p><span style=\"font-size: 16px;\">Nuestro objetivo es llegar a distintos profesionales de la salud dedicados a la atenci\u00f3n fetal y neonatal con propuestas novedosas de formaci\u00f3n y capacitaci\u00f3n en el \u00e1rea de la neurolog\u00eda perinatal.\u00a0<\/span><\/p><p><span style=\"font-size: 16px;\">Con distintas modalidades que se ajusten a las necesidades de cada persona, y bas\u00e1ndonos en la informaci\u00f3n neurocient\u00edfica existente y la generaci\u00f3n de conocimientos propios, buscamos lograr un lugar de intercambio de excelencia que permita mejorar los cuidados cerebrales del reci\u00e9n nacido.\u00a0<\/span><\/p>\t\t\t\t\t<\/div>\n\t\t\t\t\t\t<\/div>\n\t\t\t\t<\/div>\n\t\t\t\t\t\t<\/div>\n\t\t\t\t\t<\/div>\n\t\t<\/div>\n\t\t\t\t\t\t\t\t<\/div>\n\t\t\t\t\t<\/div>\n\t\t<\/section>\n\t\t\t\t\t\t\t\t\t<\/div>\n\t\t\t<\/div>\n\t\t\t\t\t<\/div>\n\t\t","protected":false},"excerpt":{"rendered":"<p>Foro Acad\u00e9mico de Neurolog\u00eda Neonatal El Foro Acad\u00e9mico de Neurolog\u00eda Neonatal es una organizaci\u00f3n cient\u00edfico-educativa creada por especialistas en la materia, que se dedica a la generaci\u00f3n y difusi\u00f3n de conocimiento m\u00e9dico relacionado a la neurolog\u00eda fetal y neonatal. Nuestro objetivo es llegar a distintos profesionales de la salud dedicados a la atenci\u00f3n fetal y &hellip;<\/p>\n<p class=\"read-more\"> <a class=\"\" href=\"https:\/\/neurologianeonatal.com\/index.php\/nosotros\/\"> <span class=\"screen-reader-text\">Nosotros<\/span> Leer m\u00e1s &raquo;<\/a><\/p>\n","protected":false},"author":1,"featured_media":0,"parent":0,"menu_order":0,"comment_status":"closed","ping_status":"closed","template":"","meta":{"site-sidebar-layout":"no-sidebar","site-content-layout":"page-builder","ast-global-header-display":"","ast-main-header-display":"","ast-hfb-above-header-display":"","ast-hfb-below-header-display":"","ast-hfb-mobile-header-display":"","site-post-title":"disabled","ast-breadcrumbs-content":"","ast-featured-img":"disabled","footer-sml-layout":"","theme-transparent-header-meta":"default","adv-header-id-meta":"","stick-header-meta":"","header-above-stick-meta":"","header-main-stick-meta":"","header-below-stick-meta":"","footnotes":""},"class_list":["post-73","page","type-page","status-publish","hentry"],"_links":{"self":[{"href":"https:\/\/neurologianeonatal.com\/index.php\/wp-json\/wp\/v2\/pages\/73","targetHints":{"allow":["GET"]}}],"collection":[{"href":"https:\/\/neurologianeonatal.com\/index.php\/wp-json\/wp\/v2\/pages"}],"about":[{"href":"https:\/\/neurologianeonatal.com\/index.php\/wp-json\/wp\/v2\/types\/page"}],"author":[{"embeddable":true,"href":"https:\/\/neurologianeonatal.com\/index.php\/wp-json\/wp\/v2\/users\/1"}],"replies":[{"embeddable":true,"href":"https:\/\/neurologianeonatal.com\/index.php\/wp-json\/wp\/v2\/comments?post=73"}],"version-history":[{"count":4,"href":"https:\/\/neurologianeonatal.com\/index.php\/wp-json\/wp\/v2\/pages\/73\/revisions"}],"predecessor-version":[{"id":281,"href":"https:\/\/neurologianeonatal.com\/index.php\/wp-json\/wp\/v2\/pages\/73\/revisions\/281"}],"wp:attachment":[{"href":"https:\/\/neurologianeonatal.com\/index.php\/wp-json\/wp\/v2\/media?parent=73"}],"curies":[{"name":"wp","href":"https:\/\/api.w.org\/{rel}","templated":true}]}}

<div data-elementor-type="wp-page" data-elementor-id="73" class="elementor elementor-73">
						<div class="elementor-inner">
				<div class="elementor-section-wrap">
									<section class="elementor-section elementor-top-section elementor-element elementor-element-1e0c0108 elementor-section-full_width elementor-section-content-middle elementor-section-height-default elementor-section-height-default" data-id="1e0c0108" data-element_type="section">
						<div class="elementor-container elementor-column-gap-no">
							<div class="elementor-row">
					<div class="elementor-column elementor-col-50 elementor-top-column elementor-element elementor-element-2d11f68d" data-id="2d11f68d" data-element_type="column" data-settings="{&quot;background_background&quot;:&quot;classic&quot;}">
			<div class="elementor-column-wrap elementor-element-populated">
					<div class="elementor-background-overlay"></div>
							<div class="elementor-widget-wrap">
						<div class="elementor-element elementor-element-37904e61 elementor-widget elementor-widget-heading" data-id="37904e61" data-element_type="widget" data-widget_type="heading.default">
				<div class="elementor-widget-container">
			<h4 class="elementor-heading-title elementor-size-default">Foro Académico de Neurología Neonatal</h4>		</div>
				</div>
						</div>
					</div>
		</div>
				<div class="elementor-column elementor-col-50 elementor-top-column elementor-element elementor-element-f5d20c3" data-id="f5d20c3" data-element_type="column">
			<div class="elementor-column-wrap elementor-element-populated">
							<div class="elementor-widget-wrap">
						<div class="elementor-element elementor-element-644c8387 elementor-widget elementor-widget-text-editor" data-id="644c8387" data-element_type="widget" data-widget_type="text-editor.default">
				<div class="elementor-widget-container">
								<div class="elementor-text-editor elementor-clearfix">
				<p>El Foro Académico de Neurología Neonatal es una organización científico-educativa creada por especialistas en la materia, que se dedica a la generación y difusión de conocimiento médico relacionado a la neurología fetal y neonatal.</p>					</div>
						</div>
				</div>
				<div class="elementor-element elementor-element-5bcb25c6 elementor-widget elementor-widget-text-editor" data-id="5bcb25c6" data-element_type="widget" data-widget_type="text-editor.default">
				<div class="elementor-widget-container">
								<div class="elementor-text-editor elementor-clearfix">
				<p><span style="font-size: 16px;">Nuestro objetivo es llegar a distintos profesionales de la salud dedicados a la atención fetal y neonatal con propuestas novedosas de formación y capacitación en el área de la neurología perinatal. </span></p><p><span style="font-size: 16px;">Con distintas modalidades que se ajusten a las necesidades de cada persona, y basándonos en la información neurocientífica existente y la generación de conocimientos propios, buscamos lograr un lugar de intercambio de excelencia que permita mejorar los cuidados cerebrales del recién nacido. </span></p>					</div>
						</div>
				</div>
						</div>
					</div>
		</div>
								</div>
					</div>
		</section>
									</div>
			</div>
					</div>

<p>Foro Académico de Neurología Neonatal El Foro Académico de Neurología Neonatal es una organización científico-educativa creada por especialistas en la materia, que se dedica a la generación y difusión de conocimiento médico relacionado a la neurología fetal y neonatal. Nuestro objetivo es llegar a distintos profesionales de la salud dedicados a la atención fetal y &hellip;</p>
<p class="read-more"> <a class="" href="https://neurologianeonatal.com/index.php/nosotros/"> <span class="screen-reader-text">Nosotros</span> Leer más &raquo;</a></p>
